{"id":39,"date":"2026-02-17T19:46:36","date_gmt":"2026-02-17T18:46:36","guid":{"rendered":"https:\/\/travertina.es\/index.php\/our-mission\/"},"modified":"2026-03-13T15:43:19","modified_gmt":"2026-03-13T14:43:19","slug":"servicios","status":"publish","type":"page","link":"https:\/\/travertina.es\/index.php\/servicios\/","title":{"rendered":""},"content":{"rendered":"\t\t<div data-elementor-type=\"wp-page\" data-elementor-id=\"39\" class=\"elementor elementor-39\">\n\t\t\t\t<div class=\"elementor-element elementor-element-4e86a17d e-con-full e-flex e-con e-parent\" data-id=\"4e86a17d\" data-element_type=\"container\" data-e-type=\"container\">\n\t\t<div class=\"elementor-element elementor-element-3e43ce04 e-con-full e-flex e-con e-child\" data-id=\"3e43ce04\" data-element_type=\"container\" data-e-type=\"container\">\n\t\t\t\t<div class=\"elementor-element elementor-element-1a1632ab elementor-widget elementor-widget-heading\" data-id=\"1a1632ab\" data-element_type=\"widget\" data-e-type=\"widget\" data-widget_type=\"heading.default\">\n\t\t\t\t\t<h1 class=\"elementor-heading-title elementor-size-default\">servicios<\/h1>\t\t\t\t<\/div>\n\t\t<div class=\"elementor-element elementor-element-132d5f26 e-con-full e-flex e-con e-child\" data-id=\"132d5f26\" data-element_type=\"container\" data-e-type=\"container\">\n\t\t\t\t<div class=\"elementor-element elementor-element-5cc4324 elementor-widget elementor-widget-heading\" data-id=\"5cc4324\" data-element_type=\"widget\" data-e-type=\"widget\" data-widget_type=\"heading.default\">\n\t\t\t\t\t<h3 class=\"elementor-heading-title elementor-size-default\">Estrategia de Contenido \"Wellness 360<\/h3>\t\t\t\t<\/div>\n\t\t\t\t<div class=\"elementor-element elementor-element-f76a25d elementor-widget elementor-widget-text-editor\" data-id=\"f76a25d\" data-element_type=\"widget\" data-e-type=\"widget\" data-widget_type=\"text-editor.default\">\n\t\t\t\t\t\t\t\t\t<p>Este servicio consiste en crear un ecosistema de contenido que posiciona a tu marca como autoridad en bienestar, abordando salud f\u00edsica, mental y emocional. El objetivo es educar e inspirar a tu audiencia m\u00e1s all\u00e1 de la venta, construyendo confianza en un sector saturado de modas pasajeras. Desarrollamos un calendario editorial multicanal con art\u00edculos de blog basados en ciencia, videos de micro-rutinas y podcasts con expertos, todo optimizado para SEO. El resultado es una comunidad fidelizada que percibe tu marca como un faro de autenticidad, aumentando el tr\u00e1fico org\u00e1nico y sentando las bases para conversiones s\u00f3lidas.<\/p>\t\t\t\t\t\t\t\t<\/div>\n\t\t\t\t<\/div>\n\t\t\t\t<\/div>\n\t\t<div class=\"elementor-element elementor-element-6e8236c2 e-con-full e-flex e-con e-child\" data-id=\"6e8236c2\" data-element_type=\"container\" data-e-type=\"container\">\n\t\t\t\t<div class=\"elementor-element elementor-element-ea27ba3 elementor-widget__width-initial elementor-widget-tablet__width-initial elementor-widget-mobile__width-initial elementor-invisible elementor-widget elementor-widget-image\" data-id=\"ea27ba3\" data-element_type=\"widget\" data-e-type=\"widget\" data-settings=\"{&quot;_animation&quot;:&quot;fadeInLeft&quot;,&quot;_animation_mobile&quot;:&quot;none&quot;}\" data-widget_type=\"image.default\">\n\t\t\t\t\t\t\t\t\t\t\t\t\t\t\t<img fetchpriority=\"high\" decoding=\"async\" width=\"2560\" height=\"1706\" src=\"https:\/\/travertina.es\/wp-content\/uploads\/2026\/03\/cream-scaled.jpg\" class=\"attachment-full size-full wp-image-240\" alt=\"\" srcset=\"https:\/\/travertina.es\/wp-content\/uploads\/2026\/03\/cream-scaled.jpg 2560w, https:\/\/travertina.es\/wp-content\/uploads\/2026\/03\/cream-300x200.jpg 300w, https:\/\/travertina.es\/wp-content\/uploads\/2026\/03\/cream-1024x683.jpg 1024w, https:\/\/travertina.es\/wp-content\/uploads\/2026\/03\/cream-768x512.jpg 768w, https:\/\/travertina.es\/wp-content\/uploads\/2026\/03\/cream-1536x1024.jpg 1536w, https:\/\/travertina.es\/wp-content\/uploads\/2026\/03\/cream-2048x1365.jpg 2048w\" sizes=\"(max-width: 2560px) 100vw, 2560px\" \/>\t\t\t\t\t\t\t\t\t\t\t\t\t\t\t<\/div>\n\t\t\t\t<\/div>\n\t\t\t\t<\/div>\n\t\t<div class=\"elementor-element elementor-element-4b748e0c e-con-full e-flex e-con e-parent\" data-id=\"4b748e0c\" data-element_type=\"container\" data-e-type=\"container\">\n\t\t<div class=\"elementor-element elementor-element-36a1f00 e-con-full e-flex e-con e-child\" data-id=\"36a1f00\" data-element_type=\"container\" data-e-type=\"container\" data-settings=\"{&quot;background_background&quot;:&quot;classic&quot;}\">\n\t\t\t\t<div class=\"elementor-element elementor-element-3c386a96 elementor-invisible elementor-widget elementor-widget-image\" data-id=\"3c386a96\" data-element_type=\"widget\" data-e-type=\"widget\" data-settings=\"{&quot;_animation&quot;:&quot;fadeInUp&quot;}\" data-widget_type=\"image.default\">\n\t\t\t\t\t\t\t\t\t\t\t\t\t\t\t<img decoding=\"async\" width=\"2560\" height=\"1920\" src=\"https:\/\/travertina.es\/wp-content\/uploads\/2026\/03\/brett-jordan-MwkDKpOQmGc-unsplash-scaled.jpg\" class=\"attachment-full size-full wp-image-245\" alt=\"\" srcset=\"https:\/\/travertina.es\/wp-content\/uploads\/2026\/03\/brett-jordan-MwkDKpOQmGc-unsplash-scaled.jpg 2560w, https:\/\/travertina.es\/wp-content\/uploads\/2026\/03\/brett-jordan-MwkDKpOQmGc-unsplash-300x225.jpg 300w, https:\/\/travertina.es\/wp-content\/uploads\/2026\/03\/brett-jordan-MwkDKpOQmGc-unsplash-1024x768.jpg 1024w, https:\/\/travertina.es\/wp-content\/uploads\/2026\/03\/brett-jordan-MwkDKpOQmGc-unsplash-768x576.jpg 768w, https:\/\/travertina.es\/wp-content\/uploads\/2026\/03\/brett-jordan-MwkDKpOQmGc-unsplash-1536x1152.jpg 1536w, https:\/\/travertina.es\/wp-content\/uploads\/2026\/03\/brett-jordan-MwkDKpOQmGc-unsplash-2048x1536.jpg 2048w\" sizes=\"(max-width: 2560px) 100vw, 2560px\" \/>\t\t\t\t\t\t\t\t\t\t\t\t\t\t\t<\/div>\n\t\t\t\t<\/div>\n\t\t<div class=\"elementor-element elementor-element-7a0c6861 e-con-full e-flex e-con e-child\" data-id=\"7a0c6861\" data-element_type=\"container\" data-e-type=\"container\">\n\t\t\t\t<div class=\"elementor-element elementor-element-0117cd7 elementor-widget elementor-widget-heading\" data-id=\"0117cd7\" data-element_type=\"widget\" data-e-type=\"widget\" data-widget_type=\"heading.default\">\n\t\t\t\t\t<h3 class=\"elementor-heading-title elementor-size-default\">gesti\u00f3n comunidad y redes<\/h3>\t\t\t\t<\/div>\n\t\t\t\t<div class=\"elementor-element elementor-element-1dbd52fc elementor-widget__width-initial animated-slow elementor-invisible elementor-widget elementor-widget-text-editor\" data-id=\"1dbd52fc\" data-element_type=\"widget\" data-e-type=\"widget\" data-settings=\"{&quot;_animation&quot;:&quot;fadeIn&quot;}\" data-widget_type=\"text-editor.default\">\n\t\t\t\t\t\t\t\t\t<p>Este servicio va m\u00e1s all\u00e1 de publicar en redes sociales, enfoc\u00e1ndose en crear una comunidad activa en torno a los valores de la salud. Buscamos transformar seguidores pasivos en aut\u00e9nticos embajadores, aprovechando el poderoso boca a boca del sector wellness mediante el v\u00ednculo emocional. Ejecutamos retos de 30 d\u00edas, sesiones de preguntas y respuestas con expertos, y programas de embajadores para los miembros m\u00e1s activos. El valor principal es la humanizaci\u00f3n de tu marca, generando retenci\u00f3n, feedback valioso y una red que multiplica tu alcance de forma cre\u00edble y org\u00e1nica.<\/p>\t\t\t\t\t\t\t\t<\/div>\n\t\t\t\t<\/div>\n\t\t\t\t<\/div>\n\t\t<div class=\"elementor-element elementor-element-55434af e-flex e-con-boxed e-con e-parent\" data-id=\"55434af\" data-element_type=\"container\" data-e-type=\"container\">\n\t\t\t\t\t<div class=\"e-con-inner\">\n\t\t\t\t\t<\/div>\n\t\t\t\t<\/div>\n\t\t<div class=\"elementor-element elementor-element-de2d7fe e-con-full e-flex e-con e-child\" data-id=\"de2d7fe\" data-element_type=\"container\" data-e-type=\"container\">\n\t\t\t\t<div class=\"elementor-element elementor-element-fac1408 elementor-widget elementor-widget-heading\" data-id=\"fac1408\" data-element_type=\"widget\" data-e-type=\"widget\" data-widget_type=\"heading.default\">\n\t\t\t\t\t<h3 class=\"elementor-heading-title elementor-size-default\">Influencer Marketing para Bienestar<\/h3>\t\t\t\t<\/div>\n\t\t\t\t<div class=\"elementor-element elementor-element-1541439 elementor-widget elementor-widget-text-editor\" data-id=\"1541439\" data-element_type=\"widget\" data-e-type=\"widget\" data-widget_type=\"text-editor.default\">\n\t\t\t\t\t\t\t\t\t<p>Este servicio conecta tu marca con creadores de contenido aut\u00e9nticos del sector salud, fitness, nutrici\u00f3n y mindfulness que realmente inspiran a sus comunidades. El objetivo es generar recomendaciones cre\u00edbles que humanicen tu propuesta, ya que en el mundo wellness la confianza es el principal motor de compra. Identificamos y gestionamos colaboraciones con perfiles alineados a tus valores, desde microinfluencers de nicho con audiencias muy comprometidas hasta referentes del sector, dise\u00f1ando campa\u00f1as que integran tu servicio de forma org\u00e1nica.\u00a0<\/p>\t\t\t\t\t\t\t\t<\/div>\n\t\t\t\t<\/div>\n\t\t<div class=\"elementor-element elementor-element-346b0a1 e-flex e-con-boxed e-con e-parent\" data-id=\"346b0a1\" data-element_type=\"container\" data-e-type=\"container\">\n\t\t\t\t\t<div class=\"e-con-inner\">\n\t\t\t\t<div class=\"elementor-element elementor-element-30ff7d1 elementor-widget elementor-widget-spacer\" data-id=\"30ff7d1\" data-element_type=\"widget\" data-e-type=\"widget\" data-widget_type=\"spacer.default\">\n\t\t\t\t\t\t\t<div class=\"elementor-spacer\">\n\t\t\t<div class=\"elementor-spacer-inner\"><\/div>\n\t\t<\/div>\n\t\t\t\t\t\t<\/div>\n\t\t\t\t\t<\/div>\n\t\t\t\t<\/div>\n\t\t<div class=\"elementor-element elementor-element-263bbde e-flex e-con-boxed e-con e-parent\" data-id=\"263bbde\" data-element_type=\"container\" data-e-type=\"container\">\n\t\t\t\t\t<div class=\"e-con-inner\">\n\t\t\t\t<div class=\"elementor-element elementor-element-0492f6e elementor-widget-divider--view-line elementor-widget elementor-widget-divider\" data-id=\"0492f6e\" data-element_type=\"widget\" data-e-type=\"widget\" data-widget_type=\"divider.default\">\n\t\t\t\t\t\t\t<div class=\"elementor-divider\">\n\t\t\t<span class=\"elementor-divider-separator\">\n\t\t\t\t\t\t<\/span>\n\t\t<\/div>\n\t\t\t\t\t\t<\/div>\n\t\t\t\t\t<\/div>\n\t\t\t\t<\/div>\n\t\t\t\t<section class=\"elementor-section elementor-top-section elementor-element elementor-element-3e24f296 elementor-section-boxed elementor-section-height-default elementor-section-height-default\" data-id=\"3e24f296\" data-element_type=\"section\" data-e-type=\"section\">\n\t\t\t\t\t\t<div class=\"elementor-container elementor-column-gap-default\">\n\t\t\t\t\t<div class=\"elementor-column elementor-col-25 elementor-top-column elementor-element elementor-element-68981683\" data-id=\"68981683\" data-element_type=\"column\" data-e-type=\"column\">\n\t\t\t<div class=\"elementor-widget-wrap elementor-element-populated\">\n\t\t\t\t\t\t<div class=\"elementor-element elementor-element-bb45e9d elementor-widget elementor-widget-neuron-site-logo elementor-widget-image\" data-id=\"bb45e9d\" data-element_type=\"widget\" data-e-type=\"widget\" data-widget_type=\"neuron-site-logo.default\">\n\t\t\t\t\t\t\t\t\t\t\t\t\t\t\t\t<a href=\"https:\/\/travertina.es\">\n\t\t\t\t\t\t\t<img decoding=\"async\" width=\"300\" height=\"49\" src=\"https:\/\/travertina.es\/wp-content\/uploads\/2026\/02\/cropped-Diseno-sin-titulo-e1771354189380.png\" class=\"attachment-full size-full wp-image-86\" alt=\"\" \/>\t\t\t\t\t\t\t\t<\/a>\n\t\t\t\t\t\t\t\t\t\t\t\t\t\t\t<\/div>\n\t\t\t\t\t<\/div>\n\t\t<\/div>\n\t\t\t\t<div class=\"elementor-column elementor-col-50 elementor-top-column elementor-element elementor-element-7c14d18\" data-id=\"7c14d18\" data-element_type=\"column\" data-e-type=\"column\">\n\t\t\t<div class=\"elementor-widget-wrap elementor-element-populated\">\n\t\t\t\t\t\t<div class=\"elementor-element elementor-element-2d89db63 elementor-widget elementor-widget-neuron-form\" data-id=\"2d89db63\" data-element_type=\"widget\" data-e-type=\"widget\" data-widget_type=\"neuron-form.default\">\n\t\t\t\t<div class=\"elementor-widget-container\">\n\t\t\t\t\t\t\t<form class=\"m-neuron-form\" method=\"post\" name=\"New Form\">\r\n\t\t\t<input type=\"hidden\" name=\"post_id\" value=\"39\"\/>\r\n\t\t\t<input type=\"hidden\" name=\"form_id\" value=\"2d89db63\"\/>\r\n\r\n\t\t\t\t\t\t<div class=\"m-neuron-form__field-group--text m-neuron-form__field-group elementor-repeater-item-162d45b m-neuron-form__field-group--required m-neuron-form__field-group--mark-required\">\r\n\t\t\t\t<label for=\"form-field-\" class=\"m-neuron-form__label\">Subscribete para estar al d\u00eda de las novedades en tendencias Wellness 2026<\/label><input size=\"1\" type=\"text\" name=\"form_fields[]\" id=\"form-field-\" class=\"m-neuron-form__field h-neuron-size-sm  m-neuron-form__input\" placeholder=\"email\" required=\"required\" aria-required=\"true\">\t\t\t<\/div>\r\n\t\t\t\t\t\t<div class=\"m-neuron-form__field-group m-neuron-form__button\">\r\n\t\t\t\t<button type=\"submit\" class=\"m-neuron-form__submit-button a-neuron-button h-neuron-size--sm\">\r\n\t\t\t\t\t<span class=\"m-neuron-form__button-icon--left\">\r\n\t\t\t\t\t\t\t\t\t\t\t\t\t<span class=\"m-neuron-form__button-icon\">\r\n\t\t\t\t\t\t\t\t<i aria-hidden=\"true\" class=\"n-icon n-icon-send\"><\/i>\t\t\t\t\t\t\t\t\t\t\t\t\t\t\t\t\t<span class=\"elementor-screen-only\">Submit<\/span>\r\n\t\t\t\t\t\t\t\t\t\t\t\t\t\t\t<\/span>\r\n\t\t\t\t\t\t\t\t\t\t\t\t\t\t\t\t\t<\/span>\r\n\t\t\t\t<\/button>\r\n\t\t\t<\/div>\r\n\t\t<\/form>\r\n\t\t\t\t\t\t<\/div>\n\t\t\t\t<\/div>\n\t\t\t\t\t<\/div>\n\t\t<\/div>\n\t\t\t\t<div class=\"elementor-column elementor-col-25 elementor-top-column elementor-element elementor-element-5f2eb417\" data-id=\"5f2eb417\" data-element_type=\"column\" data-e-type=\"column\">\n\t\t\t<div class=\"elementor-widget-wrap elementor-element-populated\">\n\t\t\t\t\t\t<section class=\"elementor-section elementor-inner-section elementor-element elementor-element-5855b1de elementor-section-boxed elementor-section-height-default elementor-section-height-default\" data-id=\"5855b1de\" data-element_type=\"section\" data-e-type=\"section\">\n\t\t\t\t\t\t<div class=\"elementor-container elementor-column-gap-no\">\n\t\t\t\t\t<div class=\"elementor-column elementor-col-33 elementor-inner-column elementor-element elementor-element-60def699\" data-id=\"60def699\" data-element_type=\"column\" data-e-type=\"column\">\n\t\t\t<div class=\"elementor-widget-wrap\">\n\t\t\t\t\t\t\t<\/div>\n\t\t<\/div>\n\t\t\t\t<div class=\"elementor-column elementor-col-66 elementor-inner-column elementor-element elementor-element-29f4297d\" data-id=\"29f4297d\" data-element_type=\"column\" data-e-type=\"column\">\n\t\t\t<div class=\"elementor-widget-wrap elementor-element-populated\">\n\t\t\t\t\t\t<div class=\"elementor-element elementor-element-c332c14 elementor-widget elementor-widget-heading\" data-id=\"c332c14\" data-element_type=\"widget\" data-e-type=\"widget\" data-widget_type=\"heading.default\">\n\t\t\t\t\t<p class=\"elementor-heading-title elementor-size-default\">Follow us<\/p>\t\t\t\t<\/div>\n\t\t\t\t<div class=\"elementor-element elementor-element-8e6606a elementor-shape-rounded elementor-grid-0 elementor-widget elementor-widget-social-icons\" data-id=\"8e6606a\" data-element_type=\"widget\" data-e-type=\"widget\" data-widget_type=\"social-icons.default\">\n\t\t\t\t\t\t\t<div class=\"elementor-social-icons-wrapper elementor-grid\" role=\"list\">\n\t\t\t\t\t\t\t<span class=\"elementor-grid-item\" role=\"listitem\">\n\t\t\t\t\t<a class=\"elementor-icon elementor-social-icon elementor-social-icon-n-icon-facebook elementor-repeater-item-f82ae5b\" href=\"https:\/\/www.facebook.com\" target=\"_blank\">\n\t\t\t\t\t\t<span class=\"elementor-screen-only\">N-icon-facebook<\/span>\n\t\t\t\t\t\t<i aria-hidden=\"true\" class=\"n-icon n-icon-facebook\"><\/i>\t\t\t\t\t<\/a>\n\t\t\t\t<\/span>\n\t\t\t\t\t\t\t<span class=\"elementor-grid-item\" role=\"listitem\">\n\t\t\t\t\t<a class=\"elementor-icon elementor-social-icon elementor-social-icon-n-icon-twitter elementor-repeater-item-22e0ba8\" href=\"https:\/\/twitter.com\" target=\"_blank\">\n\t\t\t\t\t\t<span class=\"elementor-screen-only\">N-icon-twitter<\/span>\n\t\t\t\t\t\t<i aria-hidden=\"true\" class=\"n-icon n-icon-twitter\"><\/i>\t\t\t\t\t<\/a>\n\t\t\t\t<\/span>\n\t\t\t\t\t\t\t<span class=\"elementor-grid-item\" role=\"listitem\">\n\t\t\t\t\t<a class=\"elementor-icon elementor-social-icon elementor-social-icon-n-icon-linkedin elementor-repeater-item-76ca855\" href=\"https:\/\/www.linkedin.com\/company\/travertina\/about\/?viewAsMember=true\" target=\"_blank\">\n\t\t\t\t\t\t<span class=\"elementor-screen-only\">N-icon-linkedin<\/span>\n\t\t\t\t\t\t<i aria-hidden=\"true\" class=\"n-icon n-icon-linkedin\"><\/i>\t\t\t\t\t<\/a>\n\t\t\t\t<\/span>\n\t\t\t\t\t\t\t<span class=\"elementor-grid-item\" role=\"listitem\">\n\t\t\t\t\t<a class=\"elementor-icon elementor-social-icon elementor-social-icon-n-icon-instagram elementor-repeater-item-1859f24\" href=\"https:\/\/www.instagram.com\/travertina_agency\/\" target=\"_blank\">\n\t\t\t\t\t\t<span class=\"elementor-screen-only\">N-icon-instagram<\/span>\n\t\t\t\t\t\t<i aria-hidden=\"true\" class=\"n-icon n-icon-instagram\"><\/i>\t\t\t\t\t<\/a>\n\t\t\t\t<\/span>\n\t\t\t\t\t<\/div>\n\t\t\t\t\t\t<\/div>\n\t\t\t\t\t<\/div>\n\t\t<\/div>\n\t\t\t\t\t<\/div>\n\t\t<\/section>\n\t\t\t\t\t<\/div>\n\t\t<\/div>\n\t\t\t\t\t<\/div>\n\t\t<\/section>\n\t\t<div class=\"elementor-element elementor-element-c242576 e-flex e-con-boxed e-con e-parent\" data-id=\"c242576\" data-element_type=\"container\" data-e-type=\"container\">\n\t\t\t\t\t<div class=\"e-con-inner\">\n\t\t\t\t\t<\/div>\n\t\t\t\t<\/div>\n\t\t\t\t<\/div>\n\t\t","protected":false},"excerpt":{"rendered":"<p>servicios Estrategia de Contenido \u00abWellness 360 Este servicio consiste en crear un ecosistema de contenido que posiciona a tu marca como autoridad en bienestar, abordando salud f\u00edsica, mental y emocional. El objetivo es educar e inspirar a tu audiencia m\u00e1s all\u00e1 de la venta, construyendo confianza en un sector saturado de modas pasajeras. Desarrollamos un&#8230;<\/p>\n","protected":false},"author":1,"featured_media":45,"parent":0,"menu_order":0,"comment_status":"closed","ping_status":"closed","template":"","meta":{"footnotes":""},"class_list":["post-39","page","type-page","status-publish","has-post-thumbnail","hentry"],"_links":{"self":[{"href":"https:\/\/travertina.es\/index.php\/wp-json\/wp\/v2\/pages\/39","targetHints":{"allow":["GET"]}}],"collection":[{"href":"https:\/\/travertina.es\/index.php\/wp-json\/wp\/v2\/pages"}],"about":[{"href":"https:\/\/travertina.es\/index.php\/wp-json\/wp\/v2\/types\/page"}],"author":[{"embeddable":true,"href":"https:\/\/travertina.es\/index.php\/wp-json\/wp\/v2\/users\/1"}],"replies":[{"embeddable":true,"href":"https:\/\/travertina.es\/index.php\/wp-json\/wp\/v2\/comments?post=39"}],"version-history":[{"count":20,"href":"https:\/\/travertina.es\/index.php\/wp-json\/wp\/v2\/pages\/39\/revisions"}],"predecessor-version":[{"id":258,"href":"https:\/\/travertina.es\/index.php\/wp-json\/wp\/v2\/pages\/39\/revisions\/258"}],"wp:featuredmedia":[{"embeddable":true,"href":"https:\/\/travertina.es\/index.php\/wp-json\/wp\/v2\/media\/45"}],"wp:attachment":[{"href":"https:\/\/travertina.es\/index.php\/wp-json\/wp\/v2\/media?parent=39"}],"curies":[{"name":"wp","href":"https:\/\/api.w.org\/{rel}","templated":true}]}}